{"id":13,"date":"2026-05-12T10:12:47","date_gmt":"2026-05-12T10:12:47","guid":{"rendered":"https:\/\/vidsyn.dev.hj-sandli.no\/?page_id=13"},"modified":"2026-05-12T13:11:26","modified_gmt":"2026-05-12T13:11:26","slug":"hjem","status":"publish","type":"page","link":"https:\/\/vidsyn.dev.hj-sandli.no\/?page_id=13","title":{"rendered":"Hjem"},"content":{"rendered":"<p>[et_pb_section fb_built=&#8221;1&#8243; _builder_version=&#8221;4.27.6&#8243; _module_preset=&#8221;default&#8221; background_image=&#8221;https:\/\/vidsyn.dev.hj-sandli.no\/wp-content\/uploads\/2026\/05\/vidsyn-hero.png-scaled.jpg&#8221; custom_padding=&#8221;100px||100px|||&#8221; hover_enabled=&#8221;0&#8243; global_colors_info=&#8221;{}&#8221; min_height=&#8221;700px&#8221; sticky_enabled=&#8221;0&#8243;][et_pb_row _builder_version=&#8221;4.27.6&#8243; _module_preset=&#8221;default&#8221; custom_padding=&#8221;70px||40px|||&#8221; global_colors_info=&#8221;{}&#8221;][et_pb_column type=&#8221;4_4&#8243; _builder_version=&#8221;4.27.6&#8243; _module_preset=&#8221;default&#8221; global_colors_info=&#8221;{}&#8221;][et_pb_image src=&#8221;https:\/\/vidsyn.dev.hj-sandli.no\/wp-content\/uploads\/2026\/05\/vidsyn-full_logo-white-scaled.png&#8221; title_text=&#8221;vidsyn-full_logo-white&#8221; align=&#8221;center&#8221; _builder_version=&#8221;4.27.6&#8243; _module_preset=&#8221;default&#8221; max_height=&#8221;85px&#8221; custom_padding=&#8221;||30px||false|false&#8221; global_colors_info=&#8221;{}&#8221;][\/et_pb_image][et_pb_text _builder_version=&#8221;4.27.6&#8243; _module_preset=&#8221;default&#8221; header_font=&#8221;Outfit|300|||||||&#8221; header_text_color=&#8221;#FFFFFF&#8221; header_font_size=&#8221;72px&#8221; custom_padding=&#8221;30px|||||&#8221; global_colors_info=&#8221;{}&#8221;]<\/p>\n<h1 class=\"text-5xl md:text-7xl font-light tracking-tight heading-font mb-6 reveal active\" style=\"text-align: center;\">Presisjon fra et<br \/><em><strong><span class=\"font-bold italic\">nytt perspektiv<\/span><\/strong><\/em><\/h1>\n<p>[\/et_pb_text][\/et_pb_column][\/et_pb_row][\/et_pb_section][et_pb_section fb_built=&#8221;1&#8243; _builder_version=&#8221;4.27.6&#8243; _module_preset=&#8221;default&#8221; background_color=&#8221;#253551&#8243; global_colors_info=&#8221;{}&#8221; custom_padding=&#8221;100px||100px|||&#8221;][et_pb_row _builder_version=&#8221;4.27.6&#8243; _module_preset=&#8221;default&#8221; global_colors_info=&#8221;{}&#8221;][et_pb_column type=&#8221;4_4&#8243; _builder_version=&#8221;4.27.6&#8243; _module_preset=&#8221;default&#8221; global_colors_info=&#8221;{}&#8221;][et_pb_text _builder_version=&#8221;4.27.6&#8243; _module_preset=&#8221;default&#8221; text_font=&#8221;Outfit|200|||||||&#8221; text_font_size=&#8221;24px&#8221; text_line_height=&#8221;1.2em&#8221; header_2_font=&#8221;Outfit||||||||&#8221; header_2_line_height=&#8221;2.2em&#8221; text_orientation=&#8221;center&#8221; hover_enabled=&#8221;0&#8243; global_colors_info=&#8221;{}&#8221; background_layout=&#8221;dark&#8221; sticky_enabled=&#8221;0&#8243;]<\/p>\n<h2>Vi ser det du ikke ser. Inspeksjon og foto fra lufta.<\/h2>\n<p>Enten du trenger en sjekk av taksteinen eller oversiktsbilder av byggeplassen, leverer vi skarp visuelt materiale som sparer deg for b\u00e5de tid og klatring.<\/p>\n<p>Sertifisert, forsikret og rett p\u00e5 sak.<\/p>\n<p>[\/et_pb_text][\/et_pb_column][\/et_pb_row][\/et_pb_section][et_pb_section fb_built=&#8221;1&#8243; _builder_version=&#8221;4.27.6&#8243; _module_preset=&#8221;default&#8221; hover_enabled=&#8221;0&#8243; global_colors_info=&#8221;{}&#8221; background_color=&#8221;#e0e0db&#8221; sticky_enabled=&#8221;0&#8243; custom_padding=&#8221;100px||100px|||&#8221;][et_pb_row _builder_version=&#8221;4.27.6&#8243; _module_preset=&#8221;default&#8221; max_width=&#8221;1600px&#8221; hover_enabled=&#8221;0&#8243; sticky_enabled=&#8221;0&#8243;][et_pb_column _builder_version=&#8221;4.27.6&#8243; _module_preset=&#8221;default&#8221; type=&#8221;4_4&#8243;][et_pb_text _builder_version=&#8221;4.27.6&#8243; _module_preset=&#8221;default&#8221; header_font=&#8221;Outfit|300|||||||&#8221; header_font_size=&#8221;40px&#8221; hover_enabled=&#8221;0&#8243; sticky_enabled=&#8221;0&#8243;]<\/p>\n<h1>V\u00e5re fagfelt<\/h1>\n<p>[\/et_pb_text][\/et_pb_column][\/et_pb_row][et_pb_row column_structure=&#8221;1_3,1_3,1_3&#8243; _builder_version=&#8221;4.27.6&#8243; _module_preset=&#8221;default&#8221; hover_enabled=&#8221;0&#8243; global_colors_info=&#8221;{}&#8221; max_width=&#8221;1600px&#8221; sticky_enabled=&#8221;0&#8243; custom_padding=&#8221;||40px|||&#8221;][et_pb_column type=&#8221;1_3&#8243; _builder_version=&#8221;4.27.6&#8243; _module_preset=&#8221;default&#8221; global_colors_info=&#8221;{}&#8221;][et_pb_cta title=&#8221;Inspeksjon &#038; tilstand&#8221; button_text=&#8221;Click Here&#8221; _builder_version=&#8221;4.27.6&#8243; _module_preset=&#8221;default&#8221; hover_enabled=&#8221;0&#8243; global_colors_info=&#8221;{}&#8221; header_font=&#8221;Outfit||||||||&#8221; header_font_size=&#8221;28px&#8221; header_text_align=&#8221;center&#8221; body_font=&#8221;Outfit|300|||||||&#8221; body_font_size=&#8221;18px&#8221; body_text_align=&#8221;center&#8221; background_color=&#8221;#FFFFFF&#8221; sticky_enabled=&#8221;0&#8243; border_radii=&#8221;on|5px|5px|5px|5px&#8221; border_color_all=&#8221;#FFFFFF&#8221; box_shadow_style=&#8221;preset3&#8243; transform_styles__hover_enabled=&#8221;on|hover&#8221; transform_scale__hover_enabled=&#8221;on|hover&#8221; transform_translate__hover_enabled=&#8221;on|hover&#8221; transform_rotate__hover_enabled=&#8221;on|desktop&#8221; transform_skew__hover_enabled=&#8221;on|desktop&#8221; transform_origin__hover_enabled=&#8221;on|desktop&#8221; transform_translate_linked=&#8221;off&#8221; background_layout=&#8221;light&#8221; transform_translate__hover=&#8221;0px|-5px&#8221;]<\/p>\n<p>Hvorfor balansere p\u00e5 en mosegrodd stige n\u00e5r vi kan fly opp p\u00e5 to minutter?<\/p>\n<p>Vi finner sprekker i takstein, tette takrenner, l\u00f8se beslag p\u00e5 pipa eller tilstanden p\u00e5 kledningen og leverer bilder i h\u00f8y oppl\u00f8sning.<\/p>\n<p>[\/et_pb_cta][\/et_pb_column][et_pb_column type=&#8221;1_3&#8243; _builder_version=&#8221;4.27.6&#8243; _module_preset=&#8221;default&#8221; global_colors_info=&#8221;{}&#8221;][et_pb_cta title=&#8221;Foto &#038; formidling&#8221; button_text=&#8221;Click Here&#8221; _builder_version=&#8221;4.27.6&#8243; _module_preset=&#8221;default&#8221; hover_enabled=&#8221;0&#8243; global_colors_info=&#8221;{}&#8221; header_font=&#8221;Outfit||||||||&#8221; header_font_size=&#8221;28px&#8221; header_text_align=&#8221;center&#8221; body_font=&#8221;Outfit|300|||||||&#8221; body_font_size=&#8221;18px&#8221; body_text_align=&#8221;center&#8221; background_color=&#8221;#FFFFFF&#8221; sticky_enabled=&#8221;0&#8243; border_radii=&#8221;on|5px|5px|5px|5px&#8221; border_color_all=&#8221;#FFFFFF&#8221; box_shadow_style=&#8221;preset3&#8243; transform_styles__hover_enabled=&#8221;on|hover&#8221; transform_scale__hover_enabled=&#8221;on|hover&#8221; transform_translate__hover_enabled=&#8221;on|hover&#8221; transform_rotate__hover_enabled=&#8221;on|desktop&#8221; transform_skew__hover_enabled=&#8221;on|desktop&#8221; transform_origin__hover_enabled=&#8221;on|desktop&#8221; transform_translate_linked=&#8221;off&#8221; background_layout=&#8221;light&#8221; transform_translate__hover=&#8221;0px|-5px&#8221;]<\/p>\n<p>Skal du selge huset, dokumentere byggeprosjektet eller bare ha et fint bilde av hytta?<\/p>\n<p>Vi leverer ferdigredigerte bilder og film i toppkvalitet, klare til bruk p\u00e5 Finn.no eller sosiale medier.<\/p>\n<p>[\/et_pb_cta][\/et_pb_column][et_pb_column type=&#8221;1_3&#8243; _builder_version=&#8221;4.27.6&#8243; _module_preset=&#8221;default&#8221; global_colors_info=&#8221;{}&#8221;][et_pb_cta title=&#8221;Oversikt &#038; dokumentasjon&#8221; button_text=&#8221;Click Here&#8221; _builder_version=&#8221;4.27.6&#8243; _module_preset=&#8221;default&#8221; hover_enabled=&#8221;0&#8243; global_colors_info=&#8221;{}&#8221; header_font=&#8221;Outfit||||||||&#8221; header_font_size=&#8221;28px&#8221; header_text_align=&#8221;center&#8221; body_font=&#8221;Outfit|300|||||||&#8221; body_font_size=&#8221;18px&#8221; body_text_align=&#8221;center&#8221; background_color=&#8221;#FFFFFF&#8221; sticky_enabled=&#8221;0&#8243; border_radii=&#8221;on|5px|5px|5px|5px&#8221; border_color_all=&#8221;#FFFFFF&#8221; box_shadow_style=&#8221;preset3&#8243; transform_styles__hover_enabled=&#8221;on|hover&#8221; transform_scale__hover_enabled=&#8221;on|hover&#8221; transform_translate__hover_enabled=&#8221;on|hover&#8221; transform_rotate__hover_enabled=&#8221;on|desktop&#8221; transform_skew__hover_enabled=&#8221;on|desktop&#8221; transform_origin__hover_enabled=&#8221;on|desktop&#8221; transform_translate_linked=&#8221;off&#8221; background_layout=&#8221;light&#8221; transform_translate__hover=&#8221;0px|-5px&#8221;]<\/p>\n<p>Trenger du \u00e5 se hele eiendommen fra fugleperspektiv?<\/p>\n<p>Vi tar h\u00f8ye oversiktsbilder som viser grenselinjer, terreng og hvordan prosjektet ditt utvikler seg over tid.<\/p>\n<p>[\/et_pb_cta][\/et_pb_column][\/et_pb_row][\/et_pb_section][et_pb_section fb_built=&#8221;1&#8243; theme_builder_area=&#8221;post_content&#8221; specialty=&#8221;on&#8221; _builder_version=&#8221;4.27.6&#8243; _module_preset=&#8221;default&#8221; inner_max_width=&#8221;1600px&#8221; hover_enabled=&#8221;0&#8243; sticky_enabled=&#8221;0&#8243; custom_padding=&#8221;100px||100px|||&#8221;][et_pb_column type=&#8221;1_2&#8243; theme_builder_area=&#8221;post_content&#8221;][et_pb_image src=&#8221;https:\/\/vidsyn.dev.hj-sandli.no\/wp-content\/uploads\/2026\/05\/vidsyn_hero-scaled.png&#8221; _builder_version=&#8221;4.27.6&#8243; _module_preset=&#8221;default&#8221; theme_builder_area=&#8221;post_content&#8221; title_text=&#8221;vidsyn_hero&#8221; hover_enabled=&#8221;0&#8243; sticky_enabled=&#8221;0&#8243;][\/et_pb_image][\/et_pb_column][et_pb_column type=&#8221;1_2&#8243; specialty_columns=&#8221;2&#8243; theme_builder_area=&#8221;post_content&#8221;][et_pb_row_inner _builder_version=&#8221;4.27.6&#8243; _module_preset=&#8221;default&#8221; theme_builder_area=&#8221;post_content&#8221; custom_padding=&#8221;||30px|||&#8221;][et_pb_column_inner saved_specialty_column_type=&#8221;1_2&#8243; _builder_version=&#8221;4.27.6&#8243; _module_preset=&#8221;default&#8221; theme_builder_area=&#8221;post_content&#8221;][et_pb_text _builder_version=&#8221;4.27.6&#8243; _module_preset=&#8221;default&#8221; header_font=&#8221;Outfit|300|||||||&#8221; header_font_size=&#8221;40px&#8221; hover_enabled=&#8221;0&#8243; sticky_enabled=&#8221;0&#8243; theme_builder_area=&#8221;post_content&#8221;]<\/p>\n<h1>Hvorfor velge oss?<\/h1>\n<p>[\/et_pb_text][\/et_pb_column_inner][\/et_pb_row_inner][et_pb_row_inner _builder_version=&#8221;4.27.6&#8243; _module_preset=&#8221;default&#8221; column_structure=&#8221;1_2,1_2&#8243; theme_builder_area=&#8221;post_content&#8221; custom_padding=&#8221;26px|||||&#8221;][et_pb_column_inner saved_specialty_column_type=&#8221;1_2&#8243; _builder_version=&#8221;4.27.6&#8243; _module_preset=&#8221;default&#8221; type=&#8221;1_2&#8243; theme_builder_area=&#8221;post_content&#8221;][et_pb_text _builder_version=&#8221;4.27.6&#8243; _module_preset=&#8221;default&#8221; theme_builder_area=&#8221;post_content&#8221; text_font=&#8221;Outfit|300|||||||&#8221; text_font_size=&#8221;18px&#8221; hover_enabled=&#8221;0&#8243; sticky_enabled=&#8221;0&#8243;]<\/p>\n<h1>Sertifisert &amp; forsikret<\/h1>\n<p>Vi er godkjent A1\/A3-operat\u00f8r hos Luftfartstilsynet og er ansvarsforsikret for 13 millioner kroner.<\/p>\n<p>Det betyr at du kan v\u00e6re helt trygg p\u00e5 at vi flyr lovlig og sikkert.<\/p>\n<p>[\/et_pb_text][\/et_pb_column_inner][et_pb_column_inner saved_specialty_column_type=&#8221;1_2&#8243; _builder_version=&#8221;4.27.6&#8243; _module_preset=&#8221;default&#8221; type=&#8221;1_2&#8243; theme_builder_area=&#8221;post_content&#8221;][et_pb_text _builder_version=&#8221;4.27.6&#8243; _module_preset=&#8221;default&#8221; theme_builder_area=&#8221;post_content&#8221; text_font=&#8221;Outfit|300|||||||&#8221; text_font_size=&#8221;18px&#8221; hover_enabled=&#8221;0&#8243; sticky_enabled=&#8221;0&#8243;]<\/p>\n<h1>Moderne utstyr<\/h1>\n<p>Vi bruker det nyeste innen droneteknologi med smarte systemer som aktivt hindrer kollisjon.<\/p>\n<p>V\u00e5rt utstyr holder oss i lufta i opptil 50 minutter av gangen, f\u00e5r vi gjort jobben effektivt uten avbrudd.<\/p>\n<p>[\/et_pb_text][\/et_pb_column_inner][\/et_pb_row_inner][\/et_pb_column][\/et_pb_section][et_pb_section fb_built=&#8221;1&#8243; _builder_version=&#8221;4.27.6&#8243; _module_preset=&#8221;default&#8221; background_color=&#8221;#253551&#8243; global_colors_info=&#8221;{}&#8221; custom_padding=&#8221;100px||99px|||&#8221;][et_pb_row _builder_version=&#8221;4.27.6&#8243; _module_preset=&#8221;default&#8221; hover_enabled=&#8221;0&#8243; global_colors_info=&#8221;{}&#8221; column_structure=&#8221;2_5,3_5&#8243; max_width=&#8221;1600px&#8221; sticky_enabled=&#8221;0&#8243;][et_pb_column type=&#8221;2_5&#8243; _builder_version=&#8221;4.27.6&#8243; _module_preset=&#8221;default&#8221; global_colors_info=&#8221;{}&#8221;][et_pb_text _builder_version=&#8221;4.27.6&#8243; _module_preset=&#8221;default&#8221; text_font=&#8221;Outfit|200|||||||&#8221; text_font_size=&#8221;24px&#8221; text_line_height=&#8221;1.2em&#8221; header_2_font=&#8221;Outfit||||||||&#8221; header_2_line_height=&#8221;2.2em&#8221; text_orientation=&#8221;center&#8221; hover_enabled=&#8221;0&#8243; global_colors_info=&#8221;{}&#8221; background_layout=&#8221;dark&#8221; sticky_enabled=&#8221;0&#8243;]<\/p>\n<h2>Vi ser det du ikke ser. Inspeksjon og foto fra lufta.<\/h2>\n<p>Enten du trenger en sjekk av taksteinen eller oversiktsbilder av byggeplassen, leverer vi knivskarpe data som sparer deg for b\u00e5de tid og klatring.<\/p>\n<p>Sertifisert, forsikret og rett p\u00e5 sak.<\/p>\n<p>[\/et_pb_text][\/et_pb_column][et_pb_column type=&#8221;3_5&#8243; _builder_version=&#8221;4.27.6&#8243; _module_preset=&#8221;default&#8221; global_colors_info=&#8221;{}&#8221;][\/et_pb_column][\/et_pb_row][\/et_pb_section][et_pb_section fb_built=&#8221;1&#8243; _builder_version=&#8221;4.27.6&#8243; _module_preset=&#8221;default&#8221; hover_enabled=&#8221;0&#8243; global_colors_info=&#8221;{}&#8221; background_color=&#8221;#e0e0db&#8221; sticky_enabled=&#8221;0&#8243; custom_padding=&#8221;100px||0px|||&#8221;][et_pb_row _builder_version=&#8221;4.27.6&#8243; _module_preset=&#8221;default&#8221; column_structure=&#8221;3_5,1_5,1_5&#8243; width=&#8221;95%&#8221; max_width=&#8221;2560px&#8221; hover_enabled=&#8221;0&#8243; sticky_enabled=&#8221;0&#8243; custom_padding=&#8221;||60px|||&#8221;][et_pb_column _builder_version=&#8221;4.27.6&#8243; _module_preset=&#8221;default&#8221; type=&#8221;3_5&#8243;][et_pb_image src=&#8221;https:\/\/vidsyn.dev.hj-sandli.no\/wp-content\/uploads\/2026\/05\/vidsyn-wide_logo-white.png&#8221; _builder_version=&#8221;4.27.6&#8243; _module_preset=&#8221;default&#8221; title_text=&#8221;vidsyn-wide_logo-white&#8221; max_width=&#8221;22%&#8221; hover_enabled=&#8221;0&#8243; sticky_enabled=&#8221;0&#8243; custom_margin=&#8221;||30px|||&#8221;][\/et_pb_image][et_pb_text _builder_version=&#8221;4.27.6&#8243; _module_preset=&#8221;default&#8221; theme_builder_area=&#8221;post_content&#8221; text_font=&#8221;Outfit|300|||||||&#8221; text_font_size=&#8221;18px&#8221; hover_enabled=&#8221;0&#8243; sticky_enabled=&#8221;0&#8243;]<\/p>\n<p>Presisjon fra et <em><strong>nytt perspektiv<\/strong><\/em>. <br \/>Med moderne utstyr, lang flytid leverer vi bildene og inspeksjonen du trenger.<\/p>\n<p>[\/et_pb_text][\/et_pb_column][et_pb_column _builder_version=&#8221;4.27.6&#8243; _module_preset=&#8221;default&#8221; type=&#8221;1_5&#8243;][et_pb_text _builder_version=&#8221;4.27.6&#8243; _module_preset=&#8221;default&#8221; theme_builder_area=&#8221;post_content&#8221; text_font=&#8221;Outfit|300|||||||&#8221; text_font_size=&#8221;15px&#8221; hover_enabled=&#8221;0&#8243; sticky_enabled=&#8221;0&#8243; header_4_text_color=&#8221;rgba(0,0,0,0.55)&#8221; header_4_letter_spacing=&#8221;2px&#8221; header_4_font_size=&#8221;13px&#8221; text_line_height=&#8221;1em&#8221; custom_margin=&#8221;||10px||false|false&#8221;]<\/p>\n<h4>KONTAKT<\/h4>\n<p>[\/et_pb_text][et_pb_text _builder_version=&#8221;4.27.6&#8243; _module_preset=&#8221;default&#8221; theme_builder_area=&#8221;post_content&#8221; text_font=&#8221;Outfit|300|||||||&#8221; text_font_size=&#8221;15px&#8221; hover_enabled=&#8221;0&#8243; sticky_enabled=&#8221;0&#8243; header_4_text_color=&#8221;rgba(0,0,0,0.55)&#8221; header_4_letter_spacing=&#8221;2px&#8221; header_4_font_size=&#8221;13px&#8221; text_line_height=&#8221;1em&#8221;]<\/p>\n<p>takeoff@vidsyn.vision<\/p>\n<p>+47 960 12 515<\/p>\n<p>Norge<\/p>\n<p>&nbsp;<\/p>\n<p>[\/et_pb_text][\/et_pb_column][et_pb_column _builder_version=&#8221;4.27.6&#8243; _module_preset=&#8221;default&#8221; type=&#8221;1_5&#8243;][et_pb_text _builder_version=&#8221;4.27.6&#8243; _module_preset=&#8221;default&#8221; theme_builder_area=&#8221;post_content&#8221; text_font=&#8221;Outfit|300|||||||&#8221; text_font_size=&#8221;15px&#8221; hover_enabled=&#8221;0&#8243; sticky_enabled=&#8221;0&#8243; header_4_text_color=&#8221;rgba(0,0,0,0.55)&#8221; header_4_letter_spacing=&#8221;2px&#8221; header_4_font_size=&#8221;13px&#8221; text_line_height=&#8221;1em&#8221; custom_margin=&#8221;||10px||false|false&#8221;]<\/p>\n<h4>JURIDISK<\/h4>\n<p>[\/et_pb_text][et_pb_text _builder_version=&#8221;4.27.6&#8243; _module_preset=&#8221;default&#8221; theme_builder_area=&#8221;post_content&#8221; text_font=&#8221;Outfit|300|||||||&#8221; text_font_size=&#8221;15px&#8221; hover_enabled=&#8221;0&#8243; sticky_enabled=&#8221;0&#8243; header_4_text_color=&#8221;rgba(0,0,0,0.55)&#8221; header_4_letter_spacing=&#8221;2px&#8221; header_4_font_size=&#8221;13px&#8221; text_line_height=&#8221;1em&#8221;]<\/p>\n<p>Personvern<\/p>\n<p>Sertifiseringer<\/p>\n<p>[\/et_pb_text][\/et_pb_column][\/et_pb_row][et_pb_row _builder_version=&#8221;4.27.6&#8243; _module_preset=&#8221;default&#8221;][et_pb_column _builder_version=&#8221;4.27.6&#8243; _module_preset=&#8221;default&#8221; type=&#8221;4_4&#8243;][et_pb_divider _builder_version=&#8221;4.27.6&#8243; _module_preset=&#8221;default&#8221; color=&#8221;#c9c9c5&#8243; module_alignment=&#8221;center&#8221; width=&#8221;95%&#8221; hover_enabled=&#8221;0&#8243; sticky_enabled=&#8221;0&#8243;][\/et_pb_divider][\/et_pb_column][\/et_pb_row][et_pb_row _builder_version=&#8221;4.27.6&#8243; _module_preset=&#8221;default&#8221; max_width=&#8221;2560px&#8221; width=&#8221;95%&#8221; hover_enabled=&#8221;0&#8243; sticky_enabled=&#8221;0&#8243;][et_pb_column _builder_version=&#8221;4.27.6&#8243; _module_preset=&#8221;default&#8221; type=&#8221;4_4&#8243;][et_pb_text _builder_version=&#8221;4.27.6&#8243; _module_preset=&#8221;default&#8221; theme_builder_area=&#8221;post_content&#8221; text_font=&#8221;Outfit|300|||||||&#8221; text_font_size=&#8221;15px&#8221; hover_enabled=&#8221;0&#8243; sticky_enabled=&#8221;0&#8243; header_4_text_color=&#8221;rgba(0,0,0,0.55)&#8221; header_4_letter_spacing=&#8221;2px&#8221; header_4_font_size=&#8221;13px&#8221; text_line_height=&#8221;1em&#8221;]<\/p>\n<p><em><strong>Vidsyn<\/strong><\/em>, en del av <span style=\"color: #253551;\"><a href=\"https:\/\/www.hj-sandli.no\/\" style=\"color: #253551;\">HJ Sandli<\/a><\/span><\/p>\n<p>Copyright \u00a9 2026<\/p>\n<p>[\/et_pb_text][\/et_pb_column][\/et_pb_row][\/et_pb_section]<\/p>\n","protected":false},"excerpt":{"rendered":"<p>Presisjon fra etnytt perspektivVi ser det du ikke ser. Inspeksjon og foto fra lufta. Enten du trenger en sjekk av taksteinen eller oversiktsbilder av byggeplassen, leverer vi skarp visuelt materiale som sparer deg for b\u00e5de tid og klatring. Sertifisert, forsikret og rett p\u00e5 sak.V\u00e5re fagfeltHvorfor balansere p\u00e5 en mosegrodd stige n\u00e5r vi kan fly opp [&hellip;]<\/p>\n","protected":false},"author":1,"featured_media":0,"parent":0,"menu_order":0,"comment_status":"closed","ping_status":"closed","template":"page-template-blank.php","meta":{"_et_pb_use_builder":"on","_et_pb_old_content":"","_et_gb_content_width":"","footnotes":""},"class_list":["post-13","page","type-page","status-publish","hentry"],"_links":{"self":[{"href":"https:\/\/vidsyn.dev.hj-sandli.no\/index.php?rest_route=\/wp\/v2\/pages\/13","targetHints":{"allow":["GET"]}}],"collection":[{"href":"https:\/\/vidsyn.dev.hj-sandli.no\/index.php?rest_route=\/wp\/v2\/pages"}],"about":[{"href":"https:\/\/vidsyn.dev.hj-sandli.no\/index.php?rest_route=\/wp\/v2\/types\/page"}],"author":[{"embeddable":true,"href":"https:\/\/vidsyn.dev.hj-sandli.no\/index.php?rest_route=\/wp\/v2\/users\/1"}],"replies":[{"embeddable":true,"href":"https:\/\/vidsyn.dev.hj-sandli.no\/index.php?rest_route=%2Fwp%2Fv2%2Fcomments&post=13"}],"version-history":[{"count":4,"href":"https:\/\/vidsyn.dev.hj-sandli.no\/index.php?rest_route=\/wp\/v2\/pages\/13\/revisions"}],"predecessor-version":[{"id":48,"href":"https:\/\/vidsyn.dev.hj-sandli.no\/index.php?rest_route=\/wp\/v2\/pages\/13\/revisions\/48"}],"wp:attachment":[{"href":"https:\/\/vidsyn.dev.hj-sandli.no\/index.php?rest_route=%2Fwp%2Fv2%2Fmedia&parent=13"}],"curies":[{"name":"wp","href":"https:\/\/api.w.org\/{rel}","templated":true}]}}